{"id":808,"date":"2023-04-12T17:04:52","date_gmt":"2023-04-12T17:04:52","guid":{"rendered":"https:\/\/christophetalmont.com\/?page_id=808"},"modified":"2024-07-14T21:26:05","modified_gmt":"2024-07-14T21:26:05","slug":"prensa-coros","status":"publish","type":"page","link":"https:\/\/christophetalmont.com\/fr\/prensa-coros\/","title":{"rendered":"Prensa Coros"},"content":{"rendered":"<section class=\"wpb-content-wrapper\"><p>[vc_row css_animation=&#8221;&#8221; row_type=&#8221;row&#8221; use_row_as_full_screen_section=&#8221;no&#8221; type=&#8221;grid&#8221; angled_section=&#8221;no&#8221; text_align=&#8221;left&#8221; background_image_as_pattern=&#8221;without_pattern&#8221; bg_type=&#8221;image&#8221; parallax_style=&#8221;vcpb-default&#8221; bg_image_new=&#8221;id^1108|url^http:\/\/christophetalmont.com\/wp01\/wp-content\/uploads\/2024\/07\/fondo_prensa_01.jpg|caption^null|alt^null|title^fondo_prensa_01|description^null&#8221; bg_image_repeat=&#8221;no-repeat&#8221; bg_img_attach=&#8221;fixed&#8221; bg_image_posiiton=&#8221;100% 100%&#8221; z_index=&#8221;&#8221;][vc_column][vc_empty_space height=&#8221;200&#8243;]<div id=\"ultimate-heading-698569f266e4b8ae7\" class=\"uvc-heading ult-adjust-bottom-margin ultimate-heading-698569f266e4b8ae7 uvc-2740 \" data-hspacer=\"no_spacer\"  data-halign=\"center\" style=\"text-align:center\"><div class=\"uvc-heading-spacer no_spacer\" style=\"top\"><\/div><div class=\"uvc-main-heading ult-responsive\"  data-ultimate-target='.uvc-heading.ultimate-heading-698569f266e4b8ae7 h2'  data-responsive-json-new='{\"font-size\":\"desktop:30px;\",\"line-height\":\"\"}' ><h2 style=\"font-family:&#039;Montserrat&#039;;font-weight:300;\">Revue de presse<\/h2><\/div><\/div>[vc_empty_space height=&#8221;30&#8243;][vc_column_text]<\/p>\n<h3 style=\"text-align: center;\"><a href=\"https:\/\/christophetalmont.com\/fr\/prensaorquesta\/\"><span style=\"color: #888888;\">CHEF D&#8217;ORCHESTRE<\/span><\/a> \/ <span style=\"color: #ffffff;\">CHEF DE CH\u0152UR<\/span><\/h3>\n<p>[\/vc_column_text][vc_empty_space height=&#8221;50&#8243;][vc_row_inner row_type=&#8221;row&#8221; type=&#8221;full_width&#8221; text_align=&#8221;left&#8221; css_animation=&#8221;&#8221;][vc_column_inner width=&#8221;1\/3&#8243;]<div class=\"aio-icon-component    style_3\"><div id=\"Info-box-wrap-1563\" class=\"aio-icon-box square_box-icon\" style=\"border-color:#c1c1c1;border-style:solid;border-width:5px;background-color:#ffffff;\" data-min-height='350px' ><div class=\"aio-icon-header\" ><h3 class=\"aio-icon-title ult-responsive\"  data-ultimate-target='#Info-box-wrap-1563 .aio-icon-title'  data-responsive-json-new='{\"font-size\":\"\",\"line-height\":\"\"}'  style=\"font-family:&#039;Montserrat&#039;;font-weight:600;color:#000000;\">Peter Grimes de Britten, Op\u00e9ra Grand Avignon<\/h3><\/div> <!-- header --><div class=\"aio-icon-description ult-responsive\"  data-ultimate-target='#Info-box-wrap-1563 .aio-icon-description'  data-responsive-json-new='{\"font-size\":\"\",\"line-height\":\"\"}'  style=\"color:#000000;\"><\/p>\n<p style=\"text-align: center;\">Et l\u2019on n\u2019oubliera pas de mentionner la formidable performance du\u00a0Ch\u0153ur de l\u2019Op\u00e9ra Grand Avignon, ici renforc\u00e9 par son voisin montpelli\u00e9rain, qui se couvre de gloire dans une partition o\u00f9 il est fortement sollicit\u00e9.<\/p>\n<p style=\"text-align: center;\"><span style=\"color: #000000;\"><strong>\u2013<\/strong><\/span><\/p>\n<p style=\"text-align: center;\"><span style=\"color: #000000;\"><strong>Opera Online, Emmanuel Andrieu<\/strong><\/span><\/p>\n<p><\/div> <!-- description --><\/div> <!-- aio-icon-box --><\/div> <!-- aio-icon-component -->[\/vc_column_inner][vc_column_inner width=&#8221;1\/3&#8243;]<div class=\"aio-icon-component    style_3\"><div id=\"Info-box-wrap-3963\" class=\"aio-icon-box square_box-icon\" style=\"border-color:#c1c1c1;border-style:solid;border-width:5px;background-color:#ffffff;\" data-min-height='350px' ><div class=\"aio-icon-header\" ><h3 class=\"aio-icon-title ult-responsive\"  data-ultimate-target='#Info-box-wrap-3963 .aio-icon-title'  data-responsive-json-new='{\"font-size\":\"\",\"line-height\":\"\"}'  style=\"font-family:&#039;Montserrat&#039;;font-weight:600;color:#000000;\">Peter Grimes de Britten, Op\u00e9ra Grand Avignon<\/h3><\/div> <!-- header --><div class=\"aio-icon-description ult-responsive\"  data-ultimate-target='#Info-box-wrap-3963 .aio-icon-description'  data-responsive-json-new='{\"font-size\":\"\",\"line-height\":\"\"}'  style=\"color:#000000;\"><\/p>\n<p style=\"text-align: center;\">C\u2019est le ch\u0153ur (Ch\u0153ur de l\u2019Op\u00e9ra Grand Avignon et Ch\u0153ur de l\u2019Op\u00e9ra Orchestre National Montpellier Occitanie), tout de pr\u00e9cision et d\u2019articulation, personnage essentiel de l\u2019action, que l\u2019on f\u00e9licite en premier. Les \u00ab\u00a0Peter Grimes\u00a0\u00bb\u00a0hurl\u00e9s face public couronnent une prestation galvanisante.<\/p>\n<p style=\"text-align: center;\"><span style=\"color: #000000;\"><strong>&#8211;<\/strong><\/span><\/p>\n<p style=\"text-align: center;\"><strong>Resmusica, Jean-luc Clairet<\/strong><\/p>\n<p><\/div> <!-- description --><\/div> <!-- aio-icon-box --><\/div> <!-- aio-icon-component -->[\/vc_column_inner][vc_column_inner width=&#8221;1\/3&#8243;]<div class=\"aio-icon-component    style_3\"><div id=\"Info-box-wrap-2860\" class=\"aio-icon-box square_box-icon\" style=\"border-color:#c1c1c1;border-style:solid;border-width:5px;background-color:#ffffff;\" data-min-height='350px' ><div class=\"aio-icon-header\" ><h3 class=\"aio-icon-title ult-responsive\"  data-ultimate-target='#Info-box-wrap-2860 .aio-icon-title'  data-responsive-json-new='{\"font-size\":\"\",\"line-height\":\"\"}'  style=\"font-family:&#039;Montserrat&#039;;font-weight:600;color:#000000;\">Peter Grimes de Britten, Op\u00e9ra Grand Avignon<\/h3><\/div> <!-- header --><div class=\"aio-icon-description ult-responsive\"  data-ultimate-target='#Info-box-wrap-2860 .aio-icon-description'  data-responsive-json-new='{\"font-size\":\"\",\"line-height\":\"\"}'  style=\"color:#000000;\"><\/p>\n<p style=\"text-align: center;\">Cette production n\u2019aurait pas \u00e9t\u00e9 ce qu\u2019elle fut sans la participation des ch\u0153urs id\u00e9alement pr\u00e9par\u00e9s de l\u2019Op\u00e9ra Grand Avignon renforc\u00e9s par ceux de Montpellier.<\/p>\n<p style=\"text-align: center;\"><span style=\"color: #000000;\"><strong>&#8211;<\/strong><\/span><\/p>\n<p style=\"text-align: center;\"><span style=\"color: #000000;\"><strong>ConcertClassic.com, Michel Eg\u00e9a<\/strong><\/span><\/p>\n<p><\/div> <!-- description --><\/div> <!-- aio-icon-box --><\/div> <!-- aio-icon-component -->[\/vc_column_inner][\/vc_row_inner][vc_row_inner row_type=&#8221;row&#8221; type=&#8221;full_width&#8221; text_align=&#8221;left&#8221; css_animation=&#8221;&#8221;][vc_column_inner width=&#8221;1\/3&#8243;]<div class=\"aio-icon-component    style_3\"><div id=\"Info-box-wrap-8421\" class=\"aio-icon-box square_box-icon\" style=\"border-color:#c1c1c1;border-style:solid;border-width:5px;background-color:#ffffff;\" data-min-height='350px' ><div class=\"aio-icon-header\" ><h3 class=\"aio-icon-title ult-responsive\"  data-ultimate-target='#Info-box-wrap-8421 .aio-icon-title'  data-responsive-json-new='{\"font-size\":\"\",\"line-height\":\"\"}'  style=\"font-family:&#039;Montserrat&#039;;font-weight:600;color:#000000;\">Peter Grimes de Britten, Op\u00e9ra Grand Avignon<\/h3><\/div> <!-- header --><div class=\"aio-icon-description ult-responsive\"  data-ultimate-target='#Info-box-wrap-8421 .aio-icon-description'  data-responsive-json-new='{\"font-size\":\"\",\"line-height\":\"\"}'  style=\"color:#000000;\"><\/p>\n<p style=\"text-align: center;\">A saluer, \u00e9galement, la prestation des ch\u0153urs, impressionnants d\u2019engagement et de coh\u00e9sion.<\/p>\n<p style=\"text-align: center;\"><span style=\"color: #000000;\"><strong>&#8211;<\/strong><\/span><\/p>\n<p style=\"text-align: center;\"><span style=\"color: #000000;\"><strong>Op\u00e9ra Magazine, Richard Martet<\/strong><\/span><\/p>\n<p><\/div> <!-- description --><\/div> <!-- aio-icon-box --><\/div> <!-- aio-icon-component -->[\/vc_column_inner][vc_column_inner width=&#8221;1\/3&#8243;]<div class=\"aio-icon-component    style_3\"><div id=\"Info-box-wrap-5907\" class=\"aio-icon-box square_box-icon\" style=\"border-color:#c1c1c1;border-style:solid;border-width:5px;background-color:#ffffff;\" data-min-height='350px' ><div class=\"aio-icon-header\" ><h3 class=\"aio-icon-title ult-responsive\"  data-ultimate-target='#Info-box-wrap-5907 .aio-icon-title'  data-responsive-json-new='{\"font-size\":\"\",\"line-height\":\"\"}'  style=\"font-family:&#039;Montserrat&#039;;font-weight:600;color:#000000;\">L\u2019Africaine de Meyerbeer, Op\u00e9ra de Marseille<\/h3><\/div> <!-- header --><div class=\"aio-icon-description ult-responsive\"  data-ultimate-target='#Info-box-wrap-5907 .aio-icon-description'  data-responsive-json-new='{\"font-size\":\"\",\"line-height\":\"\"}'  style=\"color:#000000;\"><\/p>\n<p style=\"text-align: center;\">Christophe Talmont, actuel chef de ch\u0153ur int\u00e9rimaire, fait une belle d\u00e9monstration de maitrise en dirigeant superbement sa phalange marseillaise.<\/p>\n<p style=\"text-align: center;\"><span style=\"color: #000000;\"><strong>&#8211;<\/strong><\/span><\/p>\n<p style=\"text-align: center;\"><span style=\"color: #000000;\"><strong>Les Chroniques de Benito Pelegrin<\/strong><\/span><\/p>\n<p><\/div> <!-- description --><\/div> <!-- aio-icon-box --><\/div> <!-- aio-icon-component -->[\/vc_column_inner][vc_column_inner width=&#8221;1\/3&#8243;]<div class=\"aio-icon-component    style_3\"><div id=\"Info-box-wrap-8017\" class=\"aio-icon-box square_box-icon\" style=\"border-color:#c1c1c1;border-style:solid;border-width:5px;background-color:#ffffff;\" data-min-height='350px' ><div class=\"aio-icon-header\" ><h3 class=\"aio-icon-title ult-responsive\"  data-ultimate-target='#Info-box-wrap-8017 .aio-icon-title'  data-responsive-json-new='{\"font-size\":\"\",\"line-height\":\"\"}'  style=\"font-family:&#039;Montserrat&#039;;font-weight:600;color:#000000;\">L\u2019Africaine de Meyerbeer, Op\u00e9ra de Marseille<\/h3><\/div> <!-- header --><div class=\"aio-icon-description ult-responsive\"  data-ultimate-target='#Info-box-wrap-8017 .aio-icon-description'  data-responsive-json-new='{\"font-size\":\"\",\"line-height\":\"\"}'  style=\"color:#000000;\"><\/p>\n<p style=\"text-align: center;\">Les voix de la maison ont \u00e9t\u00e9 remarquablement bien pr\u00e9par\u00e9es par le chevronn\u00e9 Christophe Talmont<\/p>\n<p style=\"text-align: center;\"><span style=\"color: #000000;\"><strong>&#8211;<\/strong><\/span><\/p>\n<p style=\"text-align: center;\"><span style=\"color: #000000;\"><strong>Forumopera, Maurice Salles<\/strong><\/span><\/p>\n<p><\/div> <!-- description --><\/div> <!-- aio-icon-box --><\/div> <!-- aio-icon-component -->[\/vc_column_inner][\/vc_row_inner][\/vc_column][\/vc_row]<\/p>\n<\/section>","protected":false},"excerpt":{"rendered":"<p>[vc_row css_animation=&#8221;&#8221; row_type=&#8221;row&#8221; use_row_as_full_screen_section=&#8221;no&#8221; type=&#8221;grid&#8221; angled_section=&#8221;no&#8221; text_align=&#8221;left&#8221; background_image_as_pattern=&#8221;without_pattern&#8221; bg_type=&#8221;image&#8221; parallax_style=&#8221;vcpb-default&#8221; bg_image_new=&#8221;id^1108|url^http:\/\/christophetalmont.com\/wp01\/wp-content\/uploads\/2024\/07\/fondo_prensa_01.jpg|caption^null|alt^null|title^fondo_prensa_01|description^null&#8221; bg_image_repeat=&#8221;no-repeat&#8221; bg_img_attach=&#8221;fixed&#8221; bg_image_posiiton=&#8221;100% 100%&#8221; z_index=&#8221;&#8221;][vc_column][vc_empty_space height=&#8221;200&#8243;][vc_empty_space height=&#8221;30&#8243;][vc_column_text] CHEF D&#8217;ORCHESTRE \/ CHEF DE CH\u0152UR [\/vc_column_text][vc_empty_space height=&#8221;50&#8243;][vc_row_inner row_type=&#8221;row&#8221; type=&#8221;full_width&#8221; text_align=&#8221;left&#8221; css_animation=&#8221;&#8221;][vc_column_inner width=&#8221;1\/3&#8243;][\/vc_column_inner][vc_column_inner width=&#8221;1\/3&#8243;][\/vc_column_inner][vc_column_inner width=&#8221;1\/3&#8243;][\/vc_column_inner][\/vc_row_inner][vc_row_inner row_type=&#8221;row&#8221; type=&#8221;full_width&#8221; text_align=&#8221;left&#8221; css_animation=&#8221;&#8221;][vc_column_inner width=&#8221;1\/3&#8243;][\/vc_column_inner][vc_column_inner width=&#8221;1\/3&#8243;][\/vc_column_inner][vc_column_inner width=&#8221;1\/3&#8243;][\/vc_column_inner][\/vc_row_inner][\/vc_column][\/vc_row]<\/p>\n","protected":false},"author":1,"featured_media":0,"parent":0,"menu_order":0,"comment_status":"closed","ping_status":"closed","template":"full_width.php","meta":{"footnotes":""},"class_list":["post-808","page","type-page","status-publish","hentry"],"_links":{"self":[{"href":"https:\/\/christophetalmont.com\/fr\/wp-json\/wp\/v2\/pages\/808"}],"collection":[{"href":"https:\/\/christophetalmont.com\/fr\/wp-json\/wp\/v2\/pages"}],"about":[{"href":"https:\/\/christophetalmont.com\/fr\/wp-json\/wp\/v2\/types\/page"}],"author":[{"embeddable":true,"href":"https:\/\/christophetalmont.com\/fr\/wp-json\/wp\/v2\/users\/1"}],"replies":[{"embeddable":true,"href":"https:\/\/christophetalmont.com\/fr\/wp-json\/wp\/v2\/comments?post=808"}],"version-history":[{"count":9,"href":"https:\/\/christophetalmont.com\/fr\/wp-json\/wp\/v2\/pages\/808\/revisions"}],"predecessor-version":[{"id":1295,"href":"https:\/\/christophetalmont.com\/fr\/wp-json\/wp\/v2\/pages\/808\/revisions\/1295"}],"wp:attachment":[{"href":"https:\/\/christophetalmont.com\/fr\/wp-json\/wp\/v2\/media?parent=808"}],"curies":[{"name":"wp","href":"https:\/\/api.w.org\/{rel}","templated":true}]}}

<section class="wpb-content-wrapper"><p>[vc_row css_animation=&#8221;&#8221; row_type=&#8221;row&#8221; use_row_as_full_screen_section=&#8221;no&#8221; type=&#8221;grid&#8221; angled_section=&#8221;no&#8221; text_align=&#8221;left&#8221; background_image_as_pattern=&#8221;without_pattern&#8221; bg_type=&#8221;image&#8221; parallax_style=&#8221;vcpb-default&#8221; bg_image_new=&#8221;id^1108|url^http://christophetalmont.com/wp01/wp-content/uploads/2024/07/fondo_prensa_01.jpg|caption^null|alt^null|title^fondo_prensa_01|description^null&#8221; bg_image_repeat=&#8221;no-repeat&#8221; bg_img_attach=&#8221;fixed&#8221; bg_image_posiiton=&#8221;100% 100%&#8221; z_index=&#8221;&#8221;][vc_column][vc_empty_space height=&#8221;200&#8243;]<div id="ultimate-heading-698569f266e4b8ae7" class="uvc-heading ult-adjust-bottom-margin ultimate-heading-698569f266e4b8ae7 uvc-2740 " data-hspacer="no_spacer"  data-halign="center" style="text-align:center"><div class="uvc-heading-spacer no_spacer" style="top"></div><div class="uvc-main-heading ult-responsive"  data-ultimate-target='.uvc-heading.ultimate-heading-698569f266e4b8ae7 h2'  data-responsive-json-new='{"font-size":"desktop:30px;","line-height":""}' ><h2 style="font-family:&#039;Montserrat&#039;;font-weight:300;">Revue de presse</h2></div></div>[vc_empty_space height=&#8221;30&#8243;][vc_column_text]</p>
<h3 style="text-align: center;"><a href="https://christophetalmont.com/fr/prensaorquesta/"><span style="color: #888888;">CHEF D&#8217;ORCHESTRE</span></a> / <span style="color: #ffffff;">CHEF DE CHŒUR</span></h3>
<p>[/vc_column_text][vc_empty_space height=&#8221;50&#8243;][vc_row_inner row_type=&#8221;row&#8221; type=&#8221;full_width&#8221; text_align=&#8221;left&#8221; css_animation=&#8221;&#8221;][vc_column_inner width=&#8221;1/3&#8243;]<div class="aio-icon-component    style_3"><div id="Info-box-wrap-1563" class="aio-icon-box square_box-icon" style="border-color:#c1c1c1;border-style:solid;border-width:5px;background-color:#ffffff;" data-min-height='350px' ><div class="aio-icon-header" ><h3 class="aio-icon-title ult-responsive"  data-ultimate-target='#Info-box-wrap-1563 .aio-icon-title'  data-responsive-json-new='{"font-size":"","line-height":""}'  style="font-family:&#039;Montserrat&#039;;font-weight:600;color:#000000;">Peter Grimes de Britten, Opéra Grand Avignon</h3></div> <!-- header --><div class="aio-icon-description ult-responsive"  data-ultimate-target='#Info-box-wrap-1563 .aio-icon-description'  data-responsive-json-new='{"font-size":"","line-height":""}'  style="color:#000000;"></p>
<p style="text-align: center;">Et l’on n’oubliera pas de mentionner la formidable performance du Chœur de l’Opéra Grand Avignon, ici renforcé par son voisin montpelliérain, qui se couvre de gloire dans une partition où il est fortement sollicité.</p>
<p style="text-align: center;"><span style="color: #000000;"><strong>–</strong></span></p>
<p style="text-align: center;"><span style="color: #000000;"><strong>Opera Online, Emmanuel Andrieu</strong></span></p>
<p></div> <!-- description --></div> <!-- aio-icon-box --></div> <!-- aio-icon-component -->[/vc_column_inner][vc_column_inner width=&#8221;1/3&#8243;]<div class="aio-icon-component    style_3"><div id="Info-box-wrap-3963" class="aio-icon-box square_box-icon" style="border-color:#c1c1c1;border-style:solid;border-width:5px;background-color:#ffffff;" data-min-height='350px' ><div class="aio-icon-header" ><h3 class="aio-icon-title ult-responsive"  data-ultimate-target='#Info-box-wrap-3963 .aio-icon-title'  data-responsive-json-new='{"font-size":"","line-height":""}'  style="font-family:&#039;Montserrat&#039;;font-weight:600;color:#000000;">Peter Grimes de Britten, Opéra Grand Avignon</h3></div> <!-- header --><div class="aio-icon-description ult-responsive"  data-ultimate-target='#Info-box-wrap-3963 .aio-icon-description'  data-responsive-json-new='{"font-size":"","line-height":""}'  style="color:#000000;"></p>
<p style="text-align: center;">C’est le chœur (Chœur de l’Opéra Grand Avignon et Chœur de l’Opéra Orchestre National Montpellier Occitanie), tout de précision et d’articulation, personnage essentiel de l’action, que l’on félicite en premier. Les « Peter Grimes » hurlés face public couronnent une prestation galvanisante.</p>
<p style="text-align: center;"><span style="color: #000000;"><strong>&#8211;</strong></span></p>
<p style="text-align: center;"><strong>Resmusica, Jean-luc Clairet</strong></p>
<p></div> <!-- description --></div> <!-- aio-icon-box --></div> <!-- aio-icon-component -->[/vc_column_inner][vc_column_inner width=&#8221;1/3&#8243;]<div class="aio-icon-component    style_3"><div id="Info-box-wrap-2860" class="aio-icon-box square_box-icon" style="border-color:#c1c1c1;border-style:solid;border-width:5px;background-color:#ffffff;" data-min-height='350px' ><div class="aio-icon-header" ><h3 class="aio-icon-title ult-responsive"  data-ultimate-target='#Info-box-wrap-2860 .aio-icon-title'  data-responsive-json-new='{"font-size":"","line-height":""}'  style="font-family:&#039;Montserrat&#039;;font-weight:600;color:#000000;">Peter Grimes de Britten, Opéra Grand Avignon</h3></div> <!-- header --><div class="aio-icon-description ult-responsive"  data-ultimate-target='#Info-box-wrap-2860 .aio-icon-description'  data-responsive-json-new='{"font-size":"","line-height":""}'  style="color:#000000;"></p>
<p style="text-align: center;">Cette production n’aurait pas été ce qu’elle fut sans la participation des chœurs idéalement préparés de l’Opéra Grand Avignon renforcés par ceux de Montpellier.</p>
<p style="text-align: center;"><span style="color: #000000;"><strong>&#8211;</strong></span></p>
<p style="text-align: center;"><span style="color: #000000;"><strong>ConcertClassic.com, Michel Egéa</strong></span></p>
<p></div> <!-- description --></div> <!-- aio-icon-box --></div> <!-- aio-icon-component -->[/vc_column_inner][/vc_row_inner][vc_row_inner row_type=&#8221;row&#8221; type=&#8221;full_width&#8221; text_align=&#8221;left&#8221; css_animation=&#8221;&#8221;][vc_column_inner width=&#8221;1/3&#8243;]<div class="aio-icon-component    style_3"><div id="Info-box-wrap-8421" class="aio-icon-box square_box-icon" style="border-color:#c1c1c1;border-style:solid;border-width:5px;background-color:#ffffff;" data-min-height='350px' ><div class="aio-icon-header" ><h3 class="aio-icon-title ult-responsive"  data-ultimate-target='#Info-box-wrap-8421 .aio-icon-title'  data-responsive-json-new='{"font-size":"","line-height":""}'  style="font-family:&#039;Montserrat&#039;;font-weight:600;color:#000000;">Peter Grimes de Britten, Opéra Grand Avignon</h3></div> <!-- header --><div class="aio-icon-description ult-responsive"  data-ultimate-target='#Info-box-wrap-8421 .aio-icon-description'  data-responsive-json-new='{"font-size":"","line-height":""}'  style="color:#000000;"></p>
<p style="text-align: center;">A saluer, également, la prestation des chœurs, impressionnants d’engagement et de cohésion.</p>
<p style="text-align: center;"><span style="color: #000000;"><strong>&#8211;</strong></span></p>
<p style="text-align: center;"><span style="color: #000000;"><strong>Opéra Magazine, Richard Martet</strong></span></p>
<p></div> <!-- description --></div> <!-- aio-icon-box --></div> <!-- aio-icon-component -->[/vc_column_inner][vc_column_inner width=&#8221;1/3&#8243;]<div class="aio-icon-component    style_3"><div id="Info-box-wrap-5907" class="aio-icon-box square_box-icon" style="border-color:#c1c1c1;border-style:solid;border-width:5px;background-color:#ffffff;" data-min-height='350px' ><div class="aio-icon-header" ><h3 class="aio-icon-title ult-responsive"  data-ultimate-target='#Info-box-wrap-5907 .aio-icon-title'  data-responsive-json-new='{"font-size":"","line-height":""}'  style="font-family:&#039;Montserrat&#039;;font-weight:600;color:#000000;">L’Africaine de Meyerbeer, Opéra de Marseille</h3></div> <!-- header --><div class="aio-icon-description ult-responsive"  data-ultimate-target='#Info-box-wrap-5907 .aio-icon-description'  data-responsive-json-new='{"font-size":"","line-height":""}'  style="color:#000000;"></p>
<p style="text-align: center;">Christophe Talmont, actuel chef de chœur intérimaire, fait une belle démonstration de maitrise en dirigeant superbement sa phalange marseillaise.</p>
<p style="text-align: center;"><span style="color: #000000;"><strong>&#8211;</strong></span></p>
<p style="text-align: center;"><span style="color: #000000;"><strong>Les Chroniques de Benito Pelegrin</strong></span></p>
<p></div> <!-- description --></div> <!-- aio-icon-box --></div> <!-- aio-icon-component -->[/vc_column_inner][vc_column_inner width=&#8221;1/3&#8243;]<div class="aio-icon-component    style_3"><div id="Info-box-wrap-8017" class="aio-icon-box square_box-icon" style="border-color:#c1c1c1;border-style:solid;border-width:5px;background-color:#ffffff;" data-min-height='350px' ><div class="aio-icon-header" ><h3 class="aio-icon-title ult-responsive"  data-ultimate-target='#Info-box-wrap-8017 .aio-icon-title'  data-responsive-json-new='{"font-size":"","line-height":""}'  style="font-family:&#039;Montserrat&#039;;font-weight:600;color:#000000;">L’Africaine de Meyerbeer, Opéra de Marseille</h3></div> <!-- header --><div class="aio-icon-description ult-responsive"  data-ultimate-target='#Info-box-wrap-8017 .aio-icon-description'  data-responsive-json-new='{"font-size":"","line-height":""}'  style="color:#000000;"></p>
<p style="text-align: center;">Les voix de la maison ont été remarquablement bien préparées par le chevronné Christophe Talmont</p>
<p style="text-align: center;"><span style="color: #000000;"><strong>&#8211;</strong></span></p>
<p style="text-align: center;"><span style="color: #000000;"><strong>Forumopera, Maurice Salles</strong></span></p>
<p></div> <!-- description --></div> <!-- aio-icon-box --></div> <!-- aio-icon-component -->[/vc_column_inner][/vc_row_inner][/vc_column][/vc_row]</p>
</section>

<p>[vc_row css_animation=&#8221;&#8221; row_type=&#8221;row&#8221; use_row_as_full_screen_section=&#8221;no&#8221; type=&#8221;grid&#8221; angled_section=&#8221;no&#8221; text_align=&#8221;left&#8221; background_image_as_pattern=&#8221;without_pattern&#8221; bg_type=&#8221;image&#8221; parallax_style=&#8221;vcpb-default&#8221; bg_image_new=&#8221;id^1108|url^http://christophetalmont.com/wp01/wp-content/uploads/2024/07/fondo_prensa_01.jpg|caption^null|alt^null|title^fondo_prensa_01|description^null&#8221; bg_image_repeat=&#8221;no-repeat&#8221; bg_img_attach=&#8221;fixed&#8221; bg_image_posiiton=&#8221;100% 100%&#8221; z_index=&#8221;&#8221;][vc_column][vc_empty_space height=&#8221;200&#8243;][vc_empty_space height=&#8221;30&#8243;][vc_column_text] CHEF D&#8217;ORCHESTRE / CHEF DE CHŒUR [/vc_column_text][vc_empty_space height=&#8221;50&#8243;][vc_row_inner row_type=&#8221;row&#8221; type=&#8221;full_width&#8221; text_align=&#8221;left&#8221; css_animation=&#8221;&#8221;][vc_column_inner width=&#8221;1/3&#8243;][/vc_column_inner][vc_column_inner width=&#8221;1/3&#8243;][/vc_column_inner][vc_column_inner width=&#8221;1/3&#8243;][/vc_column_inner][/vc_row_inner][vc_row_inner row_type=&#8221;row&#8221; type=&#8221;full_width&#8221; text_align=&#8221;left&#8221; css_animation=&#8221;&#8221;][vc_column_inner width=&#8221;1/3&#8243;][/vc_column_inner][vc_column_inner width=&#8221;1/3&#8243;][/vc_column_inner][vc_column_inner width=&#8221;1/3&#8243;][/vc_column_inner][/vc_row_inner][/vc_column][/vc_row]</p>
