{"id":954,"date":"2023-04-02T22:04:50","date_gmt":"2023-04-02T22:04:50","guid":{"rendered":"https:\/\/christophetalmont.com\/?page_id=954"},"modified":"2024-07-16T14:26:25","modified_gmt":"2024-07-16T14:26:25","slug":"videos-sinfonico-coral","status":"publish","type":"page","link":"https:\/\/christophetalmont.com\/en\/videos-sinfonico-coral\/","title":{"rendered":"Videos Sinf\u00f3nico Coral"},"content":{"rendered":"<section class=\"wpb-content-wrapper\"><p>[vc_row css_animation=&#8221;&#8221; row_type=&#8221;row&#8221; use_row_as_full_screen_section=&#8221;no&#8221; type=&#8221;full_width&#8221; angled_section=&#8221;no&#8221; text_align=&#8221;left&#8221; background_image_as_pattern=&#8221;without_pattern&#8221; z_index=&#8221;&#8221;][vc_column][rev_slider_vc alias=&#8221;home-12&#8243;][\/vc_column][\/vc_row][vc_row css_animation=&#8221;&#8221; row_type=&#8221;row&#8221; use_row_as_full_screen_section=&#8221;no&#8221; type=&#8221;grid&#8221; angled_section=&#8221;no&#8221; text_align=&#8221;left&#8221; background_image_as_pattern=&#8221;without_pattern&#8221; z_index=&#8221;&#8221;][vc_column][vc_empty_space height=&#8221;50&#8243;]<div id=\"ultimate-heading-506869f5ab21a867b\" class=\"uvc-heading ult-adjust-bottom-margin ultimate-heading-506869f5ab21a867b uvc-2931 \" data-hspacer=\"no_spacer\"  data-halign=\"center\" style=\"text-align:center\"><div class=\"uvc-heading-spacer no_spacer\" style=\"top\"><\/div><div class=\"uvc-main-heading ult-responsive\"  data-ultimate-target='.uvc-heading.ultimate-heading-506869f5ab21a867b h2'  data-responsive-json-new='{\"font-size\":\"desktop:30px;\",\"line-height\":\"\"}' ><h2 style=\"font-family:&#039;Montserrat&#039;;font-weight:300;\">VIDEOS<\/h2><\/div><\/div>[vc_empty_space height=&#8221;30&#8243;][vc_column_text]<\/p>\n<h3 style=\"text-align: center;\"><span style=\"color: #ffffff;\">SYMPHONIC-CHORAL<\/span> \/ <a href=\"https:\/\/christophetalmont.com\/en\/videos-sinfonico\/\"><span style=\"color: #8c8c8c;\">SYMPHONIC<\/span><\/a> \/ <a href=\"https:\/\/christophetalmont.com\/en\/videos-lirico\/\"><span style=\"color: #8c8c8c;\">LYRICAL<\/span><\/a><\/h3>\n<p>[\/vc_column_text][vc_empty_space height=&#8221;50&#8243;][vc_row_inner row_type=&#8221;row&#8221; type=&#8221;full_width&#8221; text_align=&#8221;left&#8221; css_animation=&#8221;&#8221; css=&#8221;.vc_custom_1677933665868{padding-right: 5% !important;padding-left: 5% !important;}&#8221;][vc_column_inner width=&#8221;1\/2&#8243; css=&#8221;.vc_custom_1677933615132{padding-right: 5% !important;padding-left: 5% !important;}&#8221;][vc_video link=&#8221;https:\/\/youtu.be\/BMUKpISn34g&#8221;][vc_column_text]<\/p>\n<h4>Dixit Dominus de Haendel.<br \/>\nDirecci\u00f3n Christophe Talmont.<br \/>\nCoro y Orquesta Barroca Sim\u00f3n Bol\u00edvar.<\/h4>\n<p>[\/vc_column_text][\/vc_column_inner][vc_column_inner width=&#8221;1\/2&#8243; css=&#8221;.vc_custom_1677933630412{padding-right: 5% !important;padding-left: 5% !important;}&#8221;][vc_video link=&#8221;https:\/\/www.youtube.com\/watch?v=0ghTeDIaJ_4&amp;t=441s&#8221;][vc_column_text]<\/p>\n<h4>Felix Mendelssohn: Salmo 42, \u201cWie der Hirsch schreit\u201d Op.42<br \/>\nDirecci\u00f3n Christophe Talmont.<br \/>\nOrquesta Sinf\u00f3nica Sim\u00f3n Bol\u00edvar de Venezuela.<\/h4>\n<p>[\/vc_column_text][\/vc_column_inner][\/vc_row_inner][vc_empty_space height=&#8221;50&#8243;][vc_row_inner row_type=&#8221;row&#8221; type=&#8221;full_width&#8221; text_align=&#8221;left&#8221; css_animation=&#8221;&#8221; css=&#8221;.vc_custom_1677933831885{padding-right: 5% !important;padding-left: 5% !important;}&#8221;][vc_column_inner width=&#8221;1\/2&#8243; css=&#8221;.vc_custom_1677933691420{padding-right: 5% !important;padding-left: 5% !important;}&#8221;][vc_video link=&#8221;https:\/\/www.youtube.com\/watch?v=2nRoXHZFvAU&#8221;][vc_column_text]<\/p>\n<h4 class=\"style-scope ytd-watch-metadata\">Brahms: N\u00e4nie Op.82 para Coro y orquesta.<br \/>\nDirecci\u00f3n Christophe Talmont.<br \/>\nOrquesta Sinf\u00f3nica Sim\u00f3n Bol\u00edvar.<\/h4>\n<p>[\/vc_column_text][\/vc_column_inner][vc_column_inner width=&#8221;1\/2&#8243; css=&#8221;.vc_custom_1677933711140{padding-right: 5% !important;padding-left: 5% !important;}&#8221;][vc_video link=&#8221;https:\/\/www.youtube.com\/watch?v=jmeovbRSZO0&#8243;][vc_column_text]<\/p>\n<h4>Gabriel Faur\u00e9: Requiem.<br \/>\nDirecci\u00f3n Christophe Talmont.<br \/>\nOrquesta Sinf\u00f3nica Sim\u00f3n Bol\u00edvar.<\/h4>\n<p>[\/vc_column_text][\/vc_column_inner][\/vc_row_inner][vc_empty_space height=&#8221;50&#8243;][vc_row_inner row_type=&#8221;row&#8221; type=&#8221;full_width&#8221; text_align=&#8221;left&#8221; css_animation=&#8221;&#8221; css=&#8221;.vc_custom_1677933831885{padding-right: 5% !important;padding-left: 5% !important;}&#8221;][vc_column_inner width=&#8221;1\/2&#8243; css=&#8221;.vc_custom_1677933691420{padding-right: 5% !important;padding-left: 5% !important;}&#8221;][vc_video link=&#8221;https:\/\/www.youtube.com\/watch?v=Zr9KOElqouc&amp;t=3382s&#8221;][vc_column_text]<\/p>\n<h4>Mendelssohn: Sinfon\u00eda No.2, Op.52<br \/>\nDirecci\u00f3n Christophe Talmont.<br \/>\nOrquesta Sinf\u00f3nica del Estado M\u00e9rida.<\/h4>\n<p>[\/vc_column_text][\/vc_column_inner][vc_column_inner width=&#8221;1\/2&#8243; css=&#8221;.vc_custom_1677933711140{padding-right: 5% !important;padding-left: 5% !important;}&#8221;][\/vc_column_inner][\/vc_row_inner][vc_empty_space height=&#8221;50&#8243;][vc_empty_space height=&#8221;50&#8243;][vc_separator type=&#8221;normal&#8221; color=&#8221;#b5b5b5&#8243; thickness=&#8221;1&#8243;][vc_empty_space height=&#8221;50&#8243;][\/vc_column][\/vc_row]<\/p>\n<\/section>","protected":false},"excerpt":{"rendered":"<p>[vc_row css_animation=&#8221;&#8221; row_type=&#8221;row&#8221; use_row_as_full_screen_section=&#8221;no&#8221; type=&#8221;full_width&#8221; angled_section=&#8221;no&#8221; text_align=&#8221;left&#8221; background_image_as_pattern=&#8221;without_pattern&#8221; z_index=&#8221;&#8221;][vc_column][rev_slider_vc alias=&#8221;home-12&#8243;][\/vc_column][\/vc_row][vc_row css_animation=&#8221;&#8221; row_type=&#8221;row&#8221; use_row_as_full_screen_section=&#8221;no&#8221; type=&#8221;grid&#8221; angled_section=&#8221;no&#8221; text_align=&#8221;left&#8221; background_image_as_pattern=&#8221;without_pattern&#8221; z_index=&#8221;&#8221;][vc_column][vc_empty_space height=&#8221;50&#8243;][vc_empty_space height=&#8221;30&#8243;][vc_column_text] SYMPHONIC-CHORAL \/ SYMPHONIC \/ LYRICAL [\/vc_column_text][vc_empty_space height=&#8221;50&#8243;][vc_row_inner row_type=&#8221;row&#8221; type=&#8221;full_width&#8221; text_align=&#8221;left&#8221; css_animation=&#8221;&#8221; css=&#8221;.vc_custom_1677933665868{padding-right: 5% !important;padding-left: 5% !important;}&#8221;][vc_column_inner width=&#8221;1\/2&#8243; css=&#8221;.vc_custom_1677933615132{padding-right: 5% !important;padding-left: 5% !important;}&#8221;][vc_video link=&#8221;https:\/\/youtu.be\/BMUKpISn34g&#8221;][vc_column_text] Dixit Dominus&#8230;<\/p>\n","protected":false},"author":1,"featured_media":0,"parent":0,"menu_order":0,"comment_status":"closed","ping_status":"closed","template":"full_width.php","meta":{"footnotes":""},"class_list":["post-954","page","type-page","status-publish","hentry"],"_links":{"self":[{"href":"https:\/\/christophetalmont.com\/en\/wp-json\/wp\/v2\/pages\/954"}],"collection":[{"href":"https:\/\/christophetalmont.com\/en\/wp-json\/wp\/v2\/pages"}],"about":[{"href":"https:\/\/christophetalmont.com\/en\/wp-json\/wp\/v2\/types\/page"}],"author":[{"embeddable":true,"href":"https:\/\/christophetalmont.com\/en\/wp-json\/wp\/v2\/users\/1"}],"replies":[{"embeddable":true,"href":"https:\/\/christophetalmont.com\/en\/wp-json\/wp\/v2\/comments?post=954"}],"version-history":[{"count":8,"href":"https:\/\/christophetalmont.com\/en\/wp-json\/wp\/v2\/pages\/954\/revisions"}],"predecessor-version":[{"id":1365,"href":"https:\/\/christophetalmont.com\/en\/wp-json\/wp\/v2\/pages\/954\/revisions\/1365"}],"wp:attachment":[{"href":"https:\/\/christophetalmont.com\/en\/wp-json\/wp\/v2\/media?parent=954"}],"curies":[{"name":"wp","href":"https:\/\/api.w.org\/{rel}","templated":true}]}}

Videos Sinfónico Coral

<section class="wpb-content-wrapper"><p>[vc_row css_animation=&#8221;&#8221; row_type=&#8221;row&#8221; use_row_as_full_screen_section=&#8221;no&#8221; type=&#8221;full_width&#8221; angled_section=&#8221;no&#8221; text_align=&#8221;left&#8221; background_image_as_pattern=&#8221;without_pattern&#8221; z_index=&#8221;&#8221;][vc_column][rev_slider_vc alias=&#8221;home-12&#8243;][/vc_column][/vc_row][vc_row css_animation=&#8221;&#8221; row_type=&#8221;row&#8221; use_row_as_full_screen_section=&#8221;no&#8221; type=&#8221;grid&#8221; angled_section=&#8221;no&#8221; text_align=&#8221;left&#8221; background_image_as_pattern=&#8221;without_pattern&#8221; z_index=&#8221;&#8221;][vc_column][vc_empty_space height=&#8221;50&#8243;]<div id="ultimate-heading-506869f5ab21a867b" class="uvc-heading ult-adjust-bottom-margin ultimate-heading-506869f5ab21a867b uvc-2931 " data-hspacer="no_spacer"  data-halign="center" style="text-align:center"><div class="uvc-heading-spacer no_spacer" style="top"></div><div class="uvc-main-heading ult-responsive"  data-ultimate-target='.uvc-heading.ultimate-heading-506869f5ab21a867b h2'  data-responsive-json-new='{"font-size":"desktop:30px;","line-height":""}' ><h2 style="font-family:&#039;Montserrat&#039;;font-weight:300;">VIDEOS</h2></div></div>[vc_empty_space height=&#8221;30&#8243;][vc_column_text]</p>
<h3 style="text-align: center;"><span style="color: #ffffff;">SYMPHONIC-CHORAL</span> / <a href="https://christophetalmont.com/en/videos-sinfonico/"><span style="color: #8c8c8c;">SYMPHONIC</span></a> / <a href="https://christophetalmont.com/en/videos-lirico/"><span style="color: #8c8c8c;">LYRICAL</span></a></h3>
<p>[/vc_column_text][vc_empty_space height=&#8221;50&#8243;][vc_row_inner row_type=&#8221;row&#8221; type=&#8221;full_width&#8221; text_align=&#8221;left&#8221; css_animation=&#8221;&#8221; css=&#8221;.vc_custom_1677933665868{padding-right: 5% !important;padding-left: 5% !important;}&#8221;][vc_column_inner width=&#8221;1/2&#8243; css=&#8221;.vc_custom_1677933615132{padding-right: 5% !important;padding-left: 5% !important;}&#8221;][vc_video link=&#8221;https://youtu.be/BMUKpISn34g&#8221;][vc_column_text]</p>
<h4>Dixit Dominus de Haendel.<br />
Dirección Christophe Talmont.<br />
Coro y Orquesta Barroca Simón Bolívar.</h4>
<p>[/vc_column_text][/vc_column_inner][vc_column_inner width=&#8221;1/2&#8243; css=&#8221;.vc_custom_1677933630412{padding-right: 5% !important;padding-left: 5% !important;}&#8221;][vc_video link=&#8221;https://www.youtube.com/watch?v=0ghTeDIaJ_4&amp;t=441s&#8221;][vc_column_text]</p>
<h4>Felix Mendelssohn: Salmo 42, “Wie der Hirsch schreit” Op.42<br />
Dirección Christophe Talmont.<br />
Orquesta Sinfónica Simón Bolívar de Venezuela.</h4>
<p>[/vc_column_text][/vc_column_inner][/vc_row_inner][vc_empty_space height=&#8221;50&#8243;][vc_row_inner row_type=&#8221;row&#8221; type=&#8221;full_width&#8221; text_align=&#8221;left&#8221; css_animation=&#8221;&#8221; css=&#8221;.vc_custom_1677933831885{padding-right: 5% !important;padding-left: 5% !important;}&#8221;][vc_column_inner width=&#8221;1/2&#8243; css=&#8221;.vc_custom_1677933691420{padding-right: 5% !important;padding-left: 5% !important;}&#8221;][vc_video link=&#8221;https://www.youtube.com/watch?v=2nRoXHZFvAU&#8221;][vc_column_text]</p>
<h4 class="style-scope ytd-watch-metadata">Brahms: Nänie Op.82 para Coro y orquesta.<br />
Dirección Christophe Talmont.<br />
Orquesta Sinfónica Simón Bolívar.</h4>
<p>[/vc_column_text][/vc_column_inner][vc_column_inner width=&#8221;1/2&#8243; css=&#8221;.vc_custom_1677933711140{padding-right: 5% !important;padding-left: 5% !important;}&#8221;][vc_video link=&#8221;https://www.youtube.com/watch?v=jmeovbRSZO0&#8243;][vc_column_text]</p>
<h4>Gabriel Fauré: Requiem.<br />
Dirección Christophe Talmont.<br />
Orquesta Sinfónica Simón Bolívar.</h4>
<p>[/vc_column_text][/vc_column_inner][/vc_row_inner][vc_empty_space height=&#8221;50&#8243;][vc_row_inner row_type=&#8221;row&#8221; type=&#8221;full_width&#8221; text_align=&#8221;left&#8221; css_animation=&#8221;&#8221; css=&#8221;.vc_custom_1677933831885{padding-right: 5% !important;padding-left: 5% !important;}&#8221;][vc_column_inner width=&#8221;1/2&#8243; css=&#8221;.vc_custom_1677933691420{padding-right: 5% !important;padding-left: 5% !important;}&#8221;][vc_video link=&#8221;https://www.youtube.com/watch?v=Zr9KOElqouc&amp;t=3382s&#8221;][vc_column_text]</p>
<h4>Mendelssohn: Sinfonía No.2, Op.52<br />
Dirección Christophe Talmont.<br />
Orquesta Sinfónica del Estado Mérida.</h4>
<p>[/vc_column_text][/vc_column_inner][vc_column_inner width=&#8221;1/2&#8243; css=&#8221;.vc_custom_1677933711140{padding-right: 5% !important;padding-left: 5% !important;}&#8221;][/vc_column_inner][/vc_row_inner][vc_empty_space height=&#8221;50&#8243;][vc_empty_space height=&#8221;50&#8243;][vc_separator type=&#8221;normal&#8221; color=&#8221;#b5b5b5&#8243; thickness=&#8221;1&#8243;][vc_empty_space height=&#8221;50&#8243;][/vc_column][/vc_row]</p>
</section>
